ase 13) to base 16
14c4
Convert 1c7 (base 13) to base 2.
101001100
14547 (base 13) to base 16
956d
1001011101 (base 2) to base 3
211102
Convert 1040 (base 11) to base 4.
111133
16776 (base 11) to base 13
a951
What is 1684 (base 16) in base 9?
7814
a27 (base 15) to base 9
3121
266d (base 14) to base 8
15151
What is 24 (base 13) in base 9?
33
Convert -bb (base 15) to base 7.
-341
Convert 163 (base 8) to base 14.
83
Convert -33412 (base 5) to base 12.
-1445
Convert 3027 (base 8) to base 16.
617
What is 1095 (base 16) in base 12?
2559
Convert 18c (base 15) to base 7.
1020
What is 4154 (base 6) in base 10?
934
Convert -1382 (base 15) to base 5.
-113142
What is -5421 (base 6) in base 9?
-1624
What is -1548 (base 15) in base 5?
-121233
-36166 (base 9) to base 7
-130356
3a16 (base 12) to base 11
4a99
What is -2a9 (base 11) in base 5?
-2421
What is -120212 (base 3) in base 13?
-26c
Convert 24633 (base 9) to base 16.
40aa
-131 (base 10) to base 8
-203
-3ec (base 16) to base 10
-1004
Convert 1156 (base 7) to base 2.
110110001
Convert -60 (base 16) to base 3.
-10120
-11220202 (base 3) to base 11
-2769
405 (base 8) to base 12
199
Convert -10122220 (base 3) to base 7.
-10533
-1886 (base 11) to base 5
-34033
What is -1d2 (base 16) in base 14?
-254
814a (base 13) to base 3
220102112
What is -5a0 (base 12) in base 10?
-840
Convert -1122 (base 5) to base 3.
-20000
What is 693 (base 10) in base 11?
580
What is 10222122 (base 3) in base 15?
cdb
-35b0 (base 13) to base 10
-7579
What is -25035 (base 6) in base 13?
-18b3
-6b5 (base 12) to base 10
-1001
What is -1101010 (base 4) in base 7?
-21061
What is -4531 (base 9) in base 14?
-1313
What is -32202 (base 4) in base 3?
-1021110
Convert 13313 (base 10) to base 16.
3401
Convert -2075 (base 10) to base 2.
-100000011011
Convert -25334 (base 7) to base 8.
-15041
Convert -2105 (base 8) to base 15.
-4cd
What is 454 (base 16) in base 15?
4dd
220244 (base 5) to base 12
4472
17578 (base 10) to base 9
26101
-1576 (base 10) to base 13
-943
Convert -1486 (base 9) to base 15.
-506
682 (base 10) to base 8
1252
-1455 (base 6) to base 11
-32a
Convert -55 (base 11) to base 2.
-111100
What is 2546 (base 7) in base 13?
593
-665 (base 7) to base 12
-245
What is 10812 (base 9) in base 10?
7220
95b (base 14) to base 2
11100110101
What is 22332 (base 4) in base 5?
10302
What is 7ac0 (base 14) in base 9?
32236
Convert 220211 (base 3) to base 4.
22132
33134 (base 7) to base 12
4982
What is -37076 (base 8) in base 15?
-4ac4
Convert -b6 (base 15) to base 7.
-333
Convert 10211024 (base 5) to base 2.
10100110010010011
Convert 346 (base 12) to base 11.
402
1010211012 (base 3) to base 14
828d
What is 343112 (base 5) in base 4?
2333322
Convert 1285 (base 10) to base 2.
10100000101
-3504 (base 7) to base 6
-5530
Convert 13 (base 15) to base 10.
18
Convert 897 (base 14) to base 5.
23301
Convert -841 (base 10) to base 9.
-1134
Convert 15 (base 16) to base 13.
18
Convert -3280 (base 9) to base 13.
-1143
Convert -1221200 (base 3) to base 13.
-855
Convert -424 (base 9) to base 6.
-1334
-24d (base 15) to base 12
-377
-12aa (base 16) to base 13
-2237
Convert -561 (base 8) to base 15.
-199
8b (base 14) to base 3
11120
What is -152341 (base 6) in base 4?
-3213211
Convert -2201202 (base 3) to base 10.
-1991
-22561 (base 7) to base 8
-13220
Convert 2420314 (base 5) to base 12.
22110
What is -2886b (base 12) in base 9?
-85482
What is 151 (base 16) in base 9?
414
What is -66 (base 14) in base 13?
-6c
Convert 62725 (base 9) to base 10.
41414
Convert 128 (base 12) to base 14.
c8
Convert -4d6 (base 16) to base 5.
-14423
What is 2383 (base 10) in base 9?
3237
1003204 (base 5) to base 9
24017
-122535 (base 7) to base 16
-5826
Convert -110000000100 (base 2) to base 14.
-119a
What is b399 (base 15) in base 6?
451400
-1383 (base 9) to base 16
-417
Convert -1100111100 (base 2) to base 14.
-432
1997 (base 16) to base 7
25046
-2b6 (base 12) to base 11
-358
-3583 (base 16) to base 4
-3112003
Convert -4046 (base 10) to base 12.
-2412
What is 142 (base 14) in base 12?
192
What is -122200 (base 3) in base 4?
-13131
What is -112202 (base 6) in base 15?
-2c88
What is 267 (base 9) in base 16?
df
Convert 11121 (base 3) to base 10.
124
What is -16b6 (base 12) in base 4?
-222222
What is 1178 (base 9) in base 12?
615
2850 (base 11) to base 13
18a6
Convert -3a6 (base 15) to base 2.
-1100111111
Convert -24233 (base 12) to base 10.
-48711
-323222 (base 5) to base 12
-649a
586 (base 16) to base 11
1076
What is -10a (base 15) in base 13?
-151
What is 4941 (base 12) in base 6?
102121
423 (base 5) to base 14
81
50224 (base 6) to base 16
19a8
-12311211 (base 4) to base 3
-1102102020
Convert 7777 (base 10) to base 8.
17141
Convert -1221220 (base 3) to base 9.
-1856
1359 (base 14) to base 15
1026
What is 825a (base 16) in base 3?
1200202221
Convert -15504 (base 6) to base 14.
-d0c
Convert 215 (base 8) to base 9.
166
What is -1150 (base 11) in base 5?
-22012
-726 (base 11) to base 8
-1553
Convert -1200000000 (base 3) to base 9.
-50000
Convert 11721 (base 8) to base 6.
35253
Convert -10010110001111 (base 2) to base 4.
-2112033
What is 22331 (base 4) in base 6?
3125
-113030 (base 4) to base 13
-8a2
Convert -147074 (base 9) to base 2.
-10110000101011111
-3134 (base 7) to base 4
-101033
What is -2b6c (base 13) in base 7?
-24331
Convert 343 (base 10) to base 13.
205
What is -557 (base 10) in base 9?
-678
Convert -3a64 (base 12) to base 4.
-1220230
Convert -472 (base 8) to base 13.
-1b2
What is -11b7 (base 13) in base 2?
-100111010100
Convert -117d (base 16) to base 9.
-6124
-451 (base 8) to base 13
-19b
-b49 (base 16) to base 13
-1413
-3231 (base 4) to base 6
-1033
What is 498 (base 14) in base 5?
12133
1223 (base 10) to base 3
1200022
-348 (base 10) to base 14
-1ac
-130041 (base 6) to base 7
-46036
1110200 (base 4) to base 12
3168
14424 (base 7) to base 5
111422
-32b43 (base 13) to base 4
-112131113
Convert -36a (base 15) to base 5.
-11100
-12a3 (base 12) to base 3
-2221020
Convert -54410 (base 7) to base 5.
-413310
Convert -102001101 (base 3) to base 10.
-8056
Convert -1010011001 (base 2) to base 13.
-3c2
3212 (base 7) to base 2
10001110000
Convert -1222 (base 4) to base 15.
-71
What is 4354 (base 6) in base 11?
835
-2915 (base 10) to base 7
-11333
Convert -12d (base 15) to base 14.
-152
30680 (base 9) to base 16
4f11
What is 14144 (base 6) in base 4?
202300
What is -1194a (base 11) in base 3?
-212110220
Convert 32506 (base 7) to base 12.
4864
4454 (base 9) to base 16
cd9
Convert 101112 (base 4) to base 16.
456
-202002 (base 3) to base 12
-392
Convert -2249 (base 11) to base 5.
-43312
-881 (base 15) to base 11
-1497
Convert -11210222 (base 3) to base 2.
-110110110101
3b73 (base 14) to base 16
28f9
-14120 (base 5) to base 6
-5212
What is 21121010 (base 3) in base 14?
2038
-12231 (base 5) to base 7
-2513
Convert -110000000010100 (base 2) to base 16.
-6014
1021002 (base 3) to base 10
920
1211230 (base 5) to base 2
101100010100010
244432 (base 5) to base 6
111211
Convert -172077 (base 8) to base 12.
-30227
4320 (base 6) to base 5
12414
Convert 120305 (base 6) to base 4.
2203301
What is -8260 (base 9) in base 7?
-23430
What is 14036 (base 7) in base 15?
11d5
2747 (base 8) to base 3
2001222
What is -24031 (base 7) in base 5?
-144241
What is 20020210 (base 3) in base 10?
4557
What is 1b47 (base 14) in base 2?
1001101100011
What is 313330 (base 4) in base 6?
24324
-111223 (base 4) to base 5
-21022
306553 (base 7) to base 6
1044134
Convert -2d7 (base 16) to base 11.
-601
Convert -5af9 (base 16) to base 10.
-23289
-198 (base 14) to base 4
-11022
What is 220a6 (base 11) in base 7?
162320
-335013 (base 7) to base 3
-10000102010
-d7b (base 14) to base 16
-a61
2210112120 (base 3) to base 4
31130130
What is 558 (base 10) in base 8?
1056
Convert 44137 (base 8) to base 10.
18527
Convert 4421 (base 11) to base 3.
21222222
21212111 (base 3) to base 14
213b
-7a79 (base 12) to base 15
-4089
Convert -1112 (base 3) to base 15.
-2b
c5d (base 15) to base 7
11062
What is -16c5 (base 16) in base 3?
-21222220
Convert -14536 (base 8) to base 15.
-1dce
What is -8692 (base 12) in base 5?
-433143
52132 (base 6) to base 9
10502
-1004555 (base 6) to base 15
-e225
7481 (base 9) to base 5
134000
-d12 (base 14) to base 9
-3458
